{"id":7589,"date":"2021-06-04T01:52:27","date_gmt":"2021-06-04T04:52:27","guid":{"rendered":"http:\/\/escritoriomodelo.com\/site\/?page_id=7589"},"modified":"2021-06-04T09:28:44","modified_gmt":"2021-06-04T12:28:44","slug":"sobre-nos","status":"publish","type":"page","link":"https:\/\/escritoriomodelo.com\/site\/sobre-nos\/","title":{"rendered":"Sobre N\u00f3s"},"content":{"rendered":"<p>[vc_row full_width=&#8221;stretch_row&#8221; css=&#8221;.vc_custom_1622783278333{background-color: #ffffff !important;}&#8221;][vc_column][vc_row_inner css=&#8221;.vc_custom_1513720913586{padding-top: 100px !important;padding-right: 100px !important;padding-bottom: 80px !important;padding-left: 100px !important;}&#8221;][vc_column_inner width=&#8221;1\/2&#8243; css=&#8221;.vc_custom_1541584818078{padding-right: 20px !important;}&#8221;]<header class=\"kd-section-title col-lg-12 text-left  kd-animated fadeIn   vc_custom_1622808793333\" data-animation-delay=200><h2 class=\"separator_off\" >EXCEL\u00caNCIA EM ASSESSORIA CONT\u00c1BIL<\/h2><h6 class=\"subtitle \" >Desde 2003<\/h6><\/header>[vc_column_text]O Escrit\u00f3rio Modelo \u00e9 refer\u00eancia em Apucarana e Regi\u00e3o na \u00e1rea Cont\u00e1bil, oferece as melhores solu\u00e7\u00f5es para a sua empresa.<\/p>\n<p>Prezamos pela proximidade com o cliente, qualidade nos servi\u00e7os oferecidos e o uso da tecnologia. Contamos com um equipe qualificada e treinada que trabalha de forma estrat\u00e9gica para levar sempre os melhores resultados.<\/p>\n<p>Oferecemos diversos servi\u00e7os relacionados a \u00e1rea cont\u00e1bil e tamb\u00e9m auxiliamos no desenvolvimento do seu neg\u00f3cio.[\/vc_column_text][vc_empty_space height=&#8221;20px&#8221;][\/vc_column_inner][vc_column_inner width=&#8221;1\/2&#8243; css=&#8221;.vc_custom_1541584821670{padding-left: 20px !important;}&#8221;][vc_single_image image=&#8221;7617&#8243; img_size=&#8221;large&#8221; alignment=&#8221;center&#8221; css_animation=&#8221;fadeIn&#8221; css=&#8221;.vc_custom_1622809591506{padding-left: 20px !important;}&#8221;][vc_empty_space height=&#8221;40px&#8221;][\/vc_column_inner][\/vc_row_inner][\/vc_column][\/vc_row][vc_row full_width=&#8221;stretch_row&#8221; css=&#8221;.vc_custom_1622808680711{padding-top: 85px !important;background-color: #f5f5f5 !important;}&#8221;][vc_column css=&#8221;.vc_custom_1516100816144{padding-right: 0px !important;padding-left: 0px !important;}&#8221;]<header class=\"kd-section-title col-lg-12 text-center  kd-animated fadeIn   vc_custom_1622808636079\" data-animation-delay=200><h2 class=\"separator_off\" >DIRETORES<\/h2><\/header>[vc_row_inner content_placement=&#8221;top&#8221; gap=&#8221;35&#8243; css=&#8221;.vc_custom_1622808893884{padding-top: 50px !important;padding-bottom: 50px !important;}&#8221;][vc_column_inner width=&#8221;1\/2&#8243;][vc_single_image image=&#8221;7597&#8243; img_size=&#8221;large&#8221; css_animation=&#8221;fadeIn&#8221;]<header class=\"kd-section-title col-lg-12 text-left  kd-animated fadeIn  \" data-animation-delay=200><h2 class=\"separator_off\" >Everton Felipe<\/h2><h6 class=\"subtitle \" >CRC\/PR 047250\/0-5<\/h6><\/header>[vc_column_text]<\/p>\n<ul>\n<li>Ci\u00eancias Cont\u00e1beis<br \/>\nUEL -Universidade Estadual de Londrina<\/li>\n<li>Direito<br \/>\nFap faculdade de Apucarana<\/li>\n<li>P\u00f3s gradua\u00e7\u00e3o em Contabilidade Gerencial, Controladoria e Auditoria<br \/>\nFafijan Funda\u00e7\u00e3o Educacional Jandaia do Sul<\/li>\n<\/ul>\n<p>[\/vc_column_text][\/vc_column_inner][vc_column_inner width=&#8221;1\/2&#8243;][vc_single_image image=&#8221;7600&#8243; img_size=&#8221;large&#8221; css_animation=&#8221;fadeIn&#8221;]<header class=\"kd-section-title col-lg-12 text-left  kd-animated fadeIn  \" data-animation-delay=200><h2 class=\"separator_off\" >Wellyton Palma<\/h2><h6 class=\"subtitle \" >CRC\/PR 051578\/0-9<\/h6><\/header>[vc_column_text]<\/p>\n<ul>\n<li>Ci\u00eancias Cont\u00e1beis<br \/>\nFaculdade Estadual de Ci\u00eancias Econ\u00f4micas de Apucarana<\/li>\n<li>MBA \u2013 Gest\u00e3o e Economia Empresarial<br \/>\nFaculdade Estadual de Ci\u00eancias Econ\u00f4micas de Apucarana \/ Lato Senso<\/li>\n<li>Direito Previdenci\u00e1rio<br \/>\nDam\u00e1sio Educacional S\/A<\/li>\n<li>Forma\u00e7\u00e3o em Consultoria Empresarial PROGRAMA FORCEC<br \/>\nSESCAP\/ PR<\/li>\n<li>Forma\u00e7\u00e3o em Gestor Condominial e Sindico Profissional<br \/>\nCentro Europeu Curitiba<\/li>\n<li>Diversos Cursos na \u00c1rea Cont\u00e1bil<\/li>\n<\/ul>\n<p>[\/vc_column_text][\/vc_column_inner][\/vc_row_inner][\/vc_column][\/vc_row][vc_row full_width=&#8221;stretch_row&#8221; css=&#8221;.vc_custom_1622809083624{padding-top: 85px !important;padding-bottom: 85px !important;background-color: #ffffff !important;}&#8221;][vc_column css=&#8221;.vc_custom_1516100816144{padding-right: 0px !important;padding-left: 0px !important;}&#8221;]<header class=\"kd-section-title col-lg-12 text-center solid-line sep-border-width-1  kd-animated fadeIn   vc_custom_1622808977693\" data-animation-delay=200><h2 class=\"separator_on\" >EQUIPE<\/h2><div class=\"kd-separator below_title\" ><div class=\"kd-separator-line\" ><\/div><\/div><\/header>[vc_column_text]<\/p>\n<p style=\"text-align: center;\">Contamos com uma equipe especializada nas \u00e1reas cont\u00e1bil, tribut\u00e1ria, trabalhista e imposto de renda com uma ampla estrutura para atend\u00ea-lo de forma personalizada e oferecer as melhores solu\u00e7\u00f5es cont\u00e1beis para a sua empresa.<\/p>\n<p>[\/vc_column_text][\/vc_column][\/vc_row]<\/p>\n","protected":false},"excerpt":{"rendered":"<p>[vc_row full_width=&#8221;stretch_row&#8221; css=&#8221;.vc_custom_1622783278333{background-color: #ffffff !important;}&#8221;][vc_column][vc_row_inner css=&#8221;.vc_custom_1513720913586{padding-top: 100px !important;padding-right: 100px !important;padding-bottom: 80px !important;padding-left: 100px !important;}&#8221;][vc_column_inner width=&#8221;1\/2&#8243; css=&#8221;.vc_custom_1541584818078{padding-right: 20px !important;}&#8221;][vc_column_text]O Escrit\u00f3rio Modelo \u00e9 refer\u00eancia em Apucarana e Regi\u00e3o na \u00e1rea Cont\u00e1bil, oferece as melhores solu\u00e7\u00f5es para a sua empresa. Prezamos pela proximidade com o cliente, qualidade nos servi\u00e7os oferecidos e o uso da tecnologia. Contamos com um equipe qualificada e treinada que trabalha de forma estrat\u00e9gica para levar sempre os melhores resultados. Oferecemos diversos servi\u00e7os relacionados a \u00e1rea cont\u00e1bil e tamb\u00e9m auxiliamos no desenvolvimento do seu neg\u00f3cio.[\/vc_column_text][vc_empty_space height=&#8221;20px&#8221;][\/vc_column_inner][vc_column_inner width=&#8221;1\/2&#8243; css=&#8221;.vc_custom_1541584821670{padding-left: 20px !important;}&#8221;][vc_single_image image=&#8221;7617&#8243; img_size=&#8221;large&#8221; alignment=&#8221;center&#8221; css_animation=&#8221;fadeIn&#8221; css=&#8221;.vc_custom_1622809591506{padding-left: 20px !important;}&#8221;][vc_empty_space height=&#8221;40px&#8221;][\/vc_column_inner][\/vc_row_inner][\/vc_column][\/vc_row][vc_row full_width=&#8221;stretch_row&#8221; css=&#8221;.vc_custom_1622808680711{padding-top: 85px !important;background-color: #f5f5f5 !important;}&#8221;][vc_column css=&#8221;.vc_custom_1516100816144{padding-right: 0px !important;padding-left: 0px !important;}&#8221;][vc_row_inner content_placement=&#8221;top&#8221; gap=&#8221;35&#8243; css=&#8221;.vc_custom_1622808893884{padding-top: 50px !important;padding-bottom: 50px !important;}&#8221;][vc_column_inner width=&#8221;1\/2&#8243;][vc_single_image image=&#8221;7597&#8243; img_size=&#8221;large&#8221; css_animation=&#8221;fadeIn&#8221;][vc_column_text] Ci\u00eancias Cont\u00e1beis UEL -Universidade Estadual de Londrina Direito Fap faculdade de Apucarana P\u00f3s gradua\u00e7\u00e3o em Contabilidade Gerencial, Controladoria e Auditoria Fafijan Funda\u00e7\u00e3o Educacional Jandaia do Sul [\/vc_column_text][\/vc_column_inner][vc_column_inner width=&#8221;1\/2&#8243;][vc_single_image image=&#8221;7600&#8243; img_size=&#8221;large&#8221; [&hellip;]<\/p>\n","protected":false},"author":1,"featured_media":7512,"parent":0,"menu_order":0,"comment_status":"closed","ping_status":"closed","template":"","meta":{"footnotes":""},"class_list":["post-7589","page","type-page","status-publish","has-post-thumbnail","hentry"],"_links":{"self":[{"href":"https:\/\/escritoriomodelo.com\/site\/wp-json\/wp\/v2\/pages\/7589","targetHints":{"allow":["GET"]}}],"collection":[{"href":"https:\/\/escritoriomodelo.com\/site\/wp-json\/wp\/v2\/pages"}],"about":[{"href":"https:\/\/escritoriomodelo.com\/site\/wp-json\/wp\/v2\/types\/page"}],"author":[{"embeddable":true,"href":"https:\/\/escritoriomodelo.com\/site\/wp-json\/wp\/v2\/users\/1"}],"replies":[{"embeddable":true,"href":"https:\/\/escritoriomodelo.com\/site\/wp-json\/wp\/v2\/comments?post=7589"}],"version-history":[{"count":20,"href":"https:\/\/escritoriomodelo.com\/site\/wp-json\/wp\/v2\/pages\/7589\/revisions"}],"predecessor-version":[{"id":7612,"href":"https:\/\/escritoriomodelo.com\/site\/wp-json\/wp\/v2\/pages\/7589\/revisions\/7612"}],"wp:featuredmedia":[{"embeddable":true,"href":"https:\/\/escritoriomodelo.com\/site\/wp-json\/wp\/v2\/media\/7512"}],"wp:attachment":[{"href":"https:\/\/escritoriomodelo.com\/site\/wp-json\/wp\/v2\/media?parent=7589"}],"curies":[{"name":"wp","href":"https:\/\/api.w.org\/{rel}","templated":true}]}}