{"id":7554,"date":"2021-06-04T00:52:00","date_gmt":"2021-06-04T03:52:00","guid":{"rendered":"http:\/\/escritoriomodelo.com\/site\/?page_id=7554"},"modified":"2021-07-06T21:03:12","modified_gmt":"2021-07-07T00:03:12","slug":"contabilidade","status":"publish","type":"page","link":"https:\/\/escritoriomodelo.com\/site\/servicos\/contabilidade\/","title":{"rendered":"Assessoria Cont\u00e1bil"},"content":{"rendered":"<p>[vc_row][vc_column width=&#8221;2\/3&#8243; css=&#8221;.vc_custom_1519733751676{padding-right: 25px !important;}&#8221; offset=&#8221;vc_col-lg-8 vc_col-md-12 vc_col-xs-12&#8243;]<header class=\"kd-section-title col-lg-12 text-left solid-line sep-border-width-1     vc_custom_1622778479560\" ><div class=\"kd-separator above_title\" ><div class=\"kd-separator-line\" ><\/div><\/div><h3 class=\"separator_on\" >Realizamos consultoria, assessoria e execu\u00e7\u00e3o de servi\u00e7os de contabilidade<\/h3><\/header>[vc_column_text]<\/p>\n<ul>\n<li>Escritura\u00e7\u00e3o cont\u00e1bil convencional;<\/li>\n<li>Levantamento de Balancetes e outros relat\u00f3rios cont\u00e1beis;<\/li>\n<li>Elabora\u00e7\u00e3o das demonstra\u00e7\u00f5es cont\u00e1beis;<\/li>\n<li>An\u00e1lise das demonstra\u00e7\u00f5es cont\u00e1beis;<\/li>\n<li>Consolida\u00e7\u00e3o de demonstra\u00e7\u00f5es cont\u00e1beis;<\/li>\n<li>Emiss\u00e3o dos Livros Cont\u00e1beis, seja na forma convencional ou digital;<\/li>\n<li>Atendimento \u00e0s obriga\u00e7\u00f5es vinculadas ao SPED (Escritura\u00e7\u00e3o Cont\u00e1bil Digital).<\/li>\n<\/ul>\n<p>[\/vc_column_text][vc_empty_space][vc_btn title=&#8221;Fale Conosco&#8221; style=&#8221;outline&#8221; shape=&#8221;round&#8221; color=&#8221;vista-blue&#8221; size=&#8221;lg&#8221; link=&#8221;url:http%3A%2F%2Fescritoriomodelo.com%2Fsite%2Fcontato%2F|title:Contato&#8221;][\/vc_column][vc_column width=&#8221;1\/3&#8243; offset=&#8221;vc_col-lg-4 vc_col-md-12 vc_col-xs-12&#8243;][vc_widget_sidebar sidebar_id=&#8221;page-sidebar&#8221;][\/vc_column][\/vc_row]<\/p>\n","protected":false},"excerpt":{"rendered":"<p>[vc_row][vc_column width=&#8221;2\/3&#8243; css=&#8221;.vc_custom_1519733751676{padding-right: 25px !important;}&#8221; offset=&#8221;vc_col-lg-8 vc_col-md-12 vc_col-xs-12&#8243;][vc_column_text] Escritura\u00e7\u00e3o cont\u00e1bil convencional; Levantamento de Balancetes e outros relat\u00f3rios cont\u00e1beis; Elabora\u00e7\u00e3o das demonstra\u00e7\u00f5es cont\u00e1beis; An\u00e1lise das demonstra\u00e7\u00f5es cont\u00e1beis; Consolida\u00e7\u00e3o de demonstra\u00e7\u00f5es cont\u00e1beis; Emiss\u00e3o dos Livros Cont\u00e1beis, seja na forma convencional ou digital; Atendimento \u00e0s obriga\u00e7\u00f5es vinculadas ao SPED (Escritura\u00e7\u00e3o Cont\u00e1bil Digital). [\/vc_column_text][vc_empty_space][vc_btn title=&#8221;Fale Conosco&#8221; style=&#8221;outline&#8221; shape=&#8221;round&#8221; color=&#8221;vista-blue&#8221; size=&#8221;lg&#8221; link=&#8221;url:http%3A%2F%2Fescritoriomodelo.com%2Fsite%2Fcontato%2F|title:Contato&#8221;][\/vc_column][vc_column width=&#8221;1\/3&#8243; offset=&#8221;vc_col-lg-4 vc_col-md-12 vc_col-xs-12&#8243;][vc_widget_sidebar sidebar_id=&#8221;page-sidebar&#8221;][\/vc_column][\/vc_row]<\/p>\n","protected":false},"author":1,"featured_media":7477,"parent":5718,"menu_order":0,"comment_status":"closed","ping_status":"closed","template":"","meta":{"footnotes":""},"class_list":["post-7554","page","type-page","status-publish","has-post-thumbnail","hentry"],"_links":{"self":[{"href":"https:\/\/escritoriomodelo.com\/site\/wp-json\/wp\/v2\/pages\/7554","targetHints":{"allow":["GET"]}}],"collection":[{"href":"https:\/\/escritoriomodelo.com\/site\/wp-json\/wp\/v2\/pages"}],"about":[{"href":"https:\/\/escritoriomodelo.com\/site\/wp-json\/wp\/v2\/types\/page"}],"author":[{"embeddable":true,"href":"https:\/\/escritoriomodelo.com\/site\/wp-json\/wp\/v2\/users\/1"}],"replies":[{"embeddable":true,"href":"https:\/\/escritoriomodelo.com\/site\/wp-json\/wp\/v2\/comments?post=7554"}],"version-history":[{"count":2,"href":"https:\/\/escritoriomodelo.com\/site\/wp-json\/wp\/v2\/pages\/7554\/revisions"}],"predecessor-version":[{"id":7727,"href":"https:\/\/escritoriomodelo.com\/site\/wp-json\/wp\/v2\/pages\/7554\/revisions\/7727"}],"up":[{"embeddable":true,"href":"https:\/\/escritoriomodelo.com\/site\/wp-json\/wp\/v2\/pages\/5718"}],"wp:featuredmedia":[{"embeddable":true,"href":"https:\/\/escritoriomodelo.com\/site\/wp-json\/wp\/v2\/media\/7477"}],"wp:attachment":[{"href":"https:\/\/escritoriomodelo.com\/site\/wp-json\/wp\/v2\/media?parent=7554"}],"curies":[{"name":"wp","href":"https:\/\/api.w.org\/{rel}","templated":true}]}}